6, -g = -4*t - 3*l. Give o(t).
4
Suppose -3*r - 5 = 16. Let b(f) = -f**3 - 8*f**2 - 14*f - 4. Let j(u) = 3 - 3 - 13*u - u**3 - 8*u**2 - 3 - 2. Let x(v) = 5*b(v) - 6*j(v). Calculate x(r).
3
Let p(c) = c - 9. Let n be p(9). Let z(s) = 11*s**2 - s. Let b be z(-1). Suppose n = -3*t + 3*k - 3 - b, k = 0. Let q(l) = -l**2 - 3*l + 2. What is q(t)?
-8
Suppose 0 = -19*z - 72 - 61. Let d(u) be the third derivative of -u**5/60 - u**4/4 - 4*u**3/3 + 2*u**2. Determine d(z).
-15
Let i(m) = 2*m**3 - 4*m**2 + 4*m - 7. Let s be i(2). Let l(z) = 13*z**2 - z + 2. Calculate l(s).
14
Let l = -59 + 61. Suppose -4*f - 2*a - 2 = 0, a + l*a = f + 11. Let t(g) be the third derivative of -g**5/60 - g**3/3 - g**2. Give t(f).
-6
Let q(r) = 2*r**2 + 3*r + 6. Let y(f) = -f**2 - f + 1. Let n(s) = -q(s) - 3*y(s). Let j(p) be the first derivative of n(p). Determine j(1).
2
Let z(k) = -8*k - 37. Let b be z(-5). Suppose 6*f + 5*v = f + 45, b*f - 29 = -4*v. Let y(i) = 2*i - 4. Give y(f).
10
Let v(y) = -6*y + 3. Let t = -88 + 90. Determine v(t).
-9
Let c be 4/12*-3 + 8. Suppose -2*p + 3*r = c, 5*r + 0 = -4*p - 25. Let o(j) = j**2 + 4*j - 4. Calculate o(p).
1
Let r(v) = 2*v + 21. Let w(z) = -z - 10. Let a(x) = -6*r(x) - 13*w(x). Let u be a(-5). Let h(l) = -4*l**2 + 2*l + 1. Give h(u).
-5
Let u(c) = -2*c + 4. Let i = -255 - -258. Calculate u(i).
-2
Let q(z) = 9*z**3 - 2*z**2 + 2*z - 1. Suppose 5*w = 16 + 29. Let b be 12/16*12/w. Calculate q(b).
8
Let u(l) = l**3 - l**2 - l. Let p(x) = 5*x**3 + x**2 - x - 1. Let i(g) = p(g) - 4*u(g). Let q(d) = d**2 - 9*d - 3. Let v = 2 + 7. Let f be q(v). Determine i(f).
8
Let m(p) = -3*p**2 - 4*p - 4453 + 2227 + 2225 + 3*p. Let t(i) = -2*i + 6. Let v be t(4). Give m(v).
-11
Let d(r) = -r - 1. Let x(o) = -o. Let m be (-90)/36*(-8)/10. Let a(l) = m*x(l) - 3*d(l). Determine a(-5).
-2
Suppose 0 = -4*i - 2*i. Suppose i = 7*a + 21. Let p(r) = r + 3 - 3 + 1. Give p(a).
-2
Let j(r) = -r + 14. Let a be j(10). Suppose 2*g - 4 = 5*d, -2*g - g + 6 = -a*d. Let f be g + (-6)/3 + 2. Let o(b) = -5*b + 2. Calculate o(f).
-8
Let m = 552 - 558. Let s(j) = 3*j - 4. Give s(m).
-22
Let z(b) = -b - 2. Let o(r) = r - 11. Suppose -2*n + 4 = 4*h - 2, 3*n - 19 = 4*h. Let t be o(n). Calculate z(t).
4
Suppose t + 2*k - 4*k - 8 = 0, -3 = 3*t + 3*k. Let m be (-1)/t - (33/6)/1. Let z(l) = -3*l**2 - 5 - l**3 - 6*l + l**2 - 5*l**2. Determine z(m).
-5
Let u(a) = a - 7. Suppose 10*g = 6*g. Suppose g*b + 8*b = 56. Suppose -b*o = -11*o. Calculate u(o).
-7
Let p(g) = g**2 + 109*g - 1059. Let c be p(9). Let m(d) be the first derivative of 7/3*d**c + 8 - d**2 - d. Give m(-1).
8
Let c be ((-75)/10)/((-6)/16). Suppose 5*z - v - 4*v = -c, 7 = -4*z + v. Let s(d) = -3*d**2 - 1. Calculate s(z).
-4
Let j(r) = 2*r**2 - 6*r - 3. Suppose 3 = k + 3*y, -2 = -4*k + 4*y - 6. Suppose k = -l - 5 + 10. What is j(l)?
17
Let h(d) = -13*d**2 + 3*d + 5. Suppose -3*z + z + 6 = 0. Let k(m) = -4*m**2 + m + 2. Let g(c) = z*h(c) - 8*k(c). What is g(1)?
-7
Let c = 991 + -986. Let v(t) be the second derivative of -t**4/12 + 7*t**3/6 - t. What is v(c)?
10
Let p be -5 + (-1 - -5) - 0/2. Let g(n) = -19*n**3 - 7*n**2 + 6*n + 1. Let z(q) = 56*q**3 + 20*q**2 - 17*q - 3. Let a(o) = 17*g(o) + 6*z(o). What is a(p)?
-13
Let n(r) be the first derivative of -2*r**3 - r**2 - r - 434. Determine n(-1).
-5
Let l(k) be the second derivative of -k**5/20 + 5*k**4/12 + 2*k**3/3 - k**2 + 92*k. Suppose 0 = 3*m - 7*m + 24. Determine l(m).
-14
Let l(t) = 2 + 0 + 3*t - t**2 - 4. Let x be l(2). Let c(v) = 25*v**2 - 67. Let i(z) = -9*z**2 + 23. Let r(g) = -4*c(g) - 11*i(g). Give r(x).
15
Let d(k) = -3*k + 6 - 2 - k**2 - 2*k - k**2 + k**3. Let y = 59 - 60. Let h be (2/4)/((y + 4)/18). What is d(h)?
-2
Suppose -4*s + 4*n + 4 = 0, -2*s + 0*n = -n + 2. Let j(a) = 2*a + 6. Let v(o) = -3*o - 4. Let m(p) = j(p) + v(p). Give m(s).
5
Let o(t) be the third derivative of -t**6/120 + 7*t**5/60 - 5*t**4/24 - 4*t**3/3 - t**2 + 41*t. Determine o(5).
17
Let i(u) be the third derivative of 0*u**4 + 30*u**2 + 0*u + 0 + 0*u**3 - 1/20*u**5. What is i(-2)?
-12
Let o(s) = -s**3 + 6*s**2 - 7*s + 4. Suppose 0 = 6*n - 13 - 11. Let h be ((-10)/n)/(5/(-10)). What is o(h)?
-6
Let s(h) = -3 - 6 - 5*h + 6 - 2 - 5. Calculate s(-4).
10
Let d(g) = -g**3 - g**2 + 1. Suppose 0 = -6*q + 9*q - 9. Let w(m) = 2*m - 2*m**2 - 3*m**3 + 4*m**q + 0*m. Let a(j) = -2*d(j) - w(j). Calculate a(-4).
6
Let p = -105 - -108. Let n be (-10)/25*5*3/p. Let r(t) be the third derivative of -t**5/20 + t**4/24 + t**2. Give r(n).
-14
Let u = -1 + 1. Suppose 3*c = -3*z + 15, z + 0*z - c - 3 = u. Let l = z + -10. Let d(a) = a**2 + 5*a + 1. Calculate d(l).
7
Let u(f) = 2*f - 11. Let t(y) = -y + 5. Let i(w) = -13*t(w) - 6*u(w). Let v(n) = -n - 6. Let a(q) = -3*i(q) - v(q). What is a(6)?
-9
Suppose 132 + 36 = 21*c. Let v(j) = 2*j**2 - 13*j + 8. Give v(c).
32
Let c(w) be the second derivative of -w**6/240 + w**5/30 - w**4/4 + w. Let x(k) be the third derivative of c(k). Determine x(3).
-5
Let g(u) = 6*u + 3. Let k(b) = 20*b + 7. Let c(p) = -7*g(p) + 2*k(p). Let m(f) = f**3 - 5*f**2 + 2*f + 3. Let v be m(4). Let q = -10 - v. Give c(q).
3
Let u(o) = -4*o**2 - 60*o - 11. Let b be u(-15). Let z(f) = -f**3 - 11*f**2 + 2*f + 4. Determine z(b).
-18
Let c(w) = -w**2 + 0 - 2 - 4*w + 0*w**2. Let v(j) = j**3 + 5*j**2 - 19*j - 96. Let o be v(-4). Calculate c(o).
-2
Let x(s) = s**3 - 3*s**2 - 10*s + 18. Let y be x(4). Let u(n) = n + 4. Calculate u(y).
-2
Let h(j) = 2*j**2 + 7*j - 4. Suppose 6*n = 5*n - 2*i - 71, 3*n + 4*i + 209 = 0. Let q = 61 + n. What is h(q)?
26
Let z(i) = -i**3 - 17*i**2 + 2*i + 25. Let s = -393 - -376. Calculate z(s).
-9
Let q(n) be the second derivative of 9*n**5/20 + n**4/12 - n**2/2 - 223*n. What is q(1)?
9
Let n(a) = -36*a - 459. Let l be n(-13). Let s(u) = -2*u. Give s(l).
-18
Let z(r) be the third derivative of 3*r**4/8 - 2*r**3/3 - r**2 - 14. Give z(2).
14
Let j(a) = -8*a**3 - 32*a**2 - a. Let s be j(-4). Let z(b) be the second derivative of -b**5/20 + b**4/4 + b**2/2 - b. Determine z(s).
-15
Let v(d) = -28*d + 28*d + 18*d**2 - 12 + 13. Let r(g) = g**3 - g**2 + g - 1. Let t be r(0). Give v(t).
19
Let h(k) = -k - 9. Suppose -2*n - 2*w + 57 = 13, -n + 4*w = -12. Suppose i - d - 3*d = -25, 0 = 5*i + d + n. Determine h(i).
-4
Let v(m) = -m**3 - 13*m**2 + 15*m + 20. Let f be v(-14). Let k(j) = 8 - j**3 - 8*j + 7*j**2 + 1 - 1. Determine k(f).
-4
Let i(d) = -d**3 + 6*d**2 - 7. Let v be (-6)/18 + (-38)/(-6). Suppose -q - 25 = -5*f, -5*f = -3*q + v*q - 45. What is i(f)?
-7
Let f(s) = 8*s + 3*s**2 + 5 + 4*s - 2*s**2. Let g be (1*(-22)/(-6))/(13/(-39)). Determine f(g).
-6
Let n(z) = 36*z + 776. Let l be n(-22). Let i(v) = -2*v - 17. Calculate i(l).
15
Let j(p) = -5*p**2 - 2*p + 2. Let i(a) = 3*a**2 + 2*a - 2. Let b(t) = 3*i(t) + 2*j(t). What is b(4)?
-10
Let y(q) = -q - 1. Let r(w) = 7*w + 6. Let d(o) = -r(o) - 4*y(o). Suppose v + 5*a - 3 = 0, 14 = -4*v - a + 7. What is d(v)?
4
Let x(t) = 5*t + 11. Let f = -13 - -18. Suppose -1 = -f*g - 26. Let u(b) = -3*b - 7. Let y(q) = g*x(q) - 8*u(q). What is y(6)?
-5
Let p(o) = -17*o**2 + 15*o - 8. Let l be p(1). Let y(g) = -g**3 - 10*g**2 - 3*g - 27. What is y(l)?
3
Let r(s) be the third derivative of -s**4/8 - s**3/2 + 22*s**2 - 1. Let d = 4 + -6. What is r(d)?
3
Let f(z) = -99*z**2 - 22*z. Let b(m) = 14*m**2 + 3*m. Let t(x) = -22*b(x) - 3*f(x). Suppose 10*p - 3 = 7. Let o be (p - 2)/(31/31). Determine t(o).
-11
Let y(m) be the second derivative of m**5/20 + 23*m**4/12 + 4*m**3 + 45*m**2/2 + 71*m - 4. Calculate y(-22).
1
Let k(j) be the second derivative of 2*j**3/3 + j**2/2 - 16*j + 3. Give k(-1).
-3
Let h be 26/8 - 2/8. Let u be (1 - 1)*(-18)/(-72). Suppose u = h*v + v - 24. Let w(k) = -k**3 + 7*k**2 - 3*k + 1. Give w(v).
19
Let g(c) = -c**3 + 5*c**2 + c - 6. Suppose -41*h + 36*h - 260 = 0. Let o = h + 57. Determine g(o).
-1
Suppose 10 = f + f. Suppose d = f*d + 4. Let t be d/(3 - (0 - -2)). Let k(x) = 3*x**3 - 1. Calculate k(t).
-4
Let u(z) = -81*z. Let i(o) = 8*o - 6. Let y(v) = -7*v + 4. Let t(r) = -2*i(r) - 3*y(r). Let x(a) = 66*t(a) + 4*u(a). Calculate x(1).
6
Let m(f) = 4*f**2 + 81*f + 41. Let v(w) = w**2 + 25*w + 14. Let j(n) = 2*m(n) - 7*v(n). What is j(14)?
-2
Let u(q) = 4*q**2 - 4*q + 2. Let y be 2 - (0/3 + 3). Let k(h) = -h**2 - h + 1. Let x = 